 + 3901 = d. List the prime factors of m.
2, 3, 7, 31
Let o(x) = 1 + 12*x**2 + 2 + x**3 - 38*x**2 + 18*x**2. Let h be o(8). Suppose 5*p + y - 377 = 0, -2*p + h*y = 69 - 213. What are the prime factors of p?
3, 5
Let d(v) = -124*v**2 + 16*v + 24. Let h be (-4)/(-16)*-18*2*1. Let y(m) = -31*m**2 + 4*m + 6. Let n(a) = h*y(a) + 2*d(a). List the prime factors of n(-2).
2, 3, 7
Suppose -3*r + 18540 + 22284 = 60*r. List the prime factors of r.
2, 3
Let d be 0 + (-108)/(-8)*-2. Let i = d + 32. List the prime factors of (-792)/(-10) + (-1)/i.
79
Let p(z) be the third derivative of -z**5/60 + z**4/3 + 11*z**3/6 - 17*z**2. Let n be p(9). Suppose n*w - 105 = 139. What are the prime factors of w?
2, 61
Suppose -922 = -2*q - 3*y, 2*q + 2*y = 723 + 199. Suppose q = 3*l - 0*g - g, 5*l - 745 = -3*g. List the prime factors of (l/12)/(8/36).
3, 19
Let z(v) = 1090*v**2 - 144*v - 677. List the prime factors of z(-7).
61, 881
Let s(c) = 263*c**2 - 61*c + 16. What are the prime factors of s(-7)?
2, 5, 31, 43
Suppose 226*o - 120918 = 212*o. What are the prime factors of o?
3, 2879
Let l(a) be the second derivative of -1/3*a**4 - 3/2*a**2 - 1/20*a**5 + 0 - a**3 - 22*a. What are the prime factors of l(-4)?
3, 7
Let d(y) = y**3 - 7*y**2 + 9*y + 5. Let j be d(5). Let x be (-42)/(j + 1)*273/(-26). Suppose 1527 = 6*n + x. What are the prime factors of n?
181
Let c = 114 + -110. Let o(t) = 25*t**2 - 7*t + 8. Let u be o(c). Suppose -a - 2 = 0, z + u = 3*z - 2*a. List the prime factors of z.
2, 47
Let k be 184/(-2)*(-27)/12. Suppose q - 5*d - 63 = 0, 0 = 2*q - 6*q + 5*d + k. Suppose -f = f - q. What are the prime factors of f?
2, 3
List the prime factors of 156/(-12) - -12 - (0 - 15802) - 2.
7, 37, 61
Let f = 90679 - 15267. What are the prime factors of f?
2, 17, 1109
Let q(u) = 7*u**3 - 11*u**2 - 3*u + 12. Let a(f) = 8*f**3 - 12*f**2 - 2*f + 13. Let n(j) = -5*a(j) + 6*q(j). What are the prime factors of n(5)?
67
Suppose -2*x = 2*h - 38770, -49*h + 53*h = 7*x - 135684. What are the prime factors of x?
2, 2423
Let g(p) = p**3 - p**2 - p + 26. Suppose -a + 4*a - 30 = 0. Suppose 0 = 2*k + 2*z + a, -k + 5*z + 8 = -17. What are the prime factors of g(k)?
2, 13
Suppose -z + 13*z + 252 = 0. Let k be 4437/z - 2 - 10/(-35). Let b = k - -325. What are the prime factors of b?
2, 7
What are the prime factors of ((-8)/(-3) + -3)/(13/(-249717))?
19, 337
Suppose -3*x + 5*x - 26 = 0. Suppose 0 = 8*j - x*j. Suppose -4*p - 2*o + 260 = -j*p, 3*o - 6 = 0. What are the prime factors of p?
2
Let o(j) = 2 + 41 + 7 + 197*j**2 - 28*j - 17*j**2. List the prime factors of o(2).
2, 3, 7, 17
Let g be -10*14 - 63/(-9). Let i = 225 - g. List the prime factors of i.
2, 179
Suppose -3 - 5 = -2*v. Suppose v*a + 120 = 2*j, 5*j + 2*a - 235 = -a. Suppose 0*x - 5*d = 2*x - 109, d = -x + j. List the prime factors of x.
47
Let i(w) = 118*w**2 + 134*w - 962. List the prime factors of i(7).
2, 2879
Let g(z) = -128*z**3 - 3*z**2 + 2*z + 11. What are the prime factors of g(-4)?
8147
Let m be (-354)/4*(-418)/57. Let o = -370 + m. Let i = o + -113. List the prime factors of i.
2, 83
Suppose 0 = -23*i + 121142 + 485023. List the prime factors of i.
3, 5, 7, 251
List the prime factors of -9*47286/(-15) + (-162)/(-30) + -6.
3, 7, 193
List the prime factors of 3330/(-50)*((-24)/84)/(3/2765).
2, 3, 37, 79
Suppose -2*t + t = -0*t. Suppose t = -5*l, 159 = 2*w + 3*l - 645. What are the prime factors of w?
2, 3, 67
Suppose -3*c = 4*w - 19331, 3*c - 19394 = 7*w - 2*w. List the prime factors of c.
3, 239
Let z(a) = a**2 - 7*a + 2. Let o be ((-3)/2)/((-12)/224). Let g be 324/o - (-8)/(-14). List the prime factors of z(g).
2, 23
Suppose 9*t = 7*t + 14. Let c(p) = 3*p**2 - 13*p + 11. Let x be c(t). Let w = x - 35. List the prime factors of w.
2
Suppose 544 = 18*q - 2*q. Let p = q + 21. List the prime factors of p.
5, 11
Let r = -1110 - -3813. What are the prime factors of r?
3, 17, 53
Suppose 5*k + 79 = -21. Let i = k + 23. Suppose 103 + 20 = i*m. List the prime factors of m.
41
Suppose -31180 = -5*p - 3*k, -p + 4*k = -5228 - 1031. What are the prime factors of p?
17, 367
Suppose -5*k = 10, -1008 + 158 = 2*h - 3*k. Let r = h - -793. What are the prime factors of r?
5, 73
Let n(u) = 38*u**2 - 5*u - 6. Suppose 2*p - c = 6*p - 46, 5*p - 5*c = 70. Suppose -2*j - p = 10*j. What are the prime factors of n(j)?
37
Let j(m) = -762*m. Let c be j(-8). Suppose -33687 + c = -17*g. What are the prime factors of g?
3, 541
Suppose 6 = -t - 7. Let n = -10 - t. Suppose 592 = 4*w + 5*k + 50, 5*w - n*k = 696. What are the prime factors of w?
2, 3, 23
Let b(n) = 16*n - 7. Let t be b(4). Suppose t*d = 55*d + 8. What are the prime factors of (-5 + d)/((-4)/668)?
167
Suppose 4886*w = 4884*w - 4*m + 4830, 0 = -3*m - 18. List the prime factors of w.
3, 809
Let m(s) = -2*s - 6. Let c be m(-3). Suppose c = 26*f + 21*f - 23406. What are the prime factors of f?
2, 3, 83
Let y = -13 - -7. Let j(b) = -36*b - 18. Let m be j(y). Let x = m - 137. List the prime factors of x.
61
Let y(p) = 57*p - 112. Let j(f) = 55*f - 111. Let k(m) = 4*j(m) - 3*y(m). List the prime factors of k(15).
3, 11, 19
Let d(q) = q**2 - 32*q - 99. Let f be d(35). Suppose -4*c + f*l + 1312 = 2*l, -l = 4*c - 1332. What are the prime factors of c?
2, 83
Let h be 0 + -2 + (3 - -31). Suppose -18*v = -h*v + 1834. What are the prime factors of v?
131
Let q(f) = -12*f**3 - 9*f**2 - 63*f - 47. What are the prime factors of q(-14)?
11, 2909
Let q = 38 - 64. Let f be (10 + q)*9/(-4). Let j = -32 + f. What are the prime factors of j?
2
Let m = 45 + -18. Suppose 0 = 30*h - m*h + 852. What are the prime factors of 30/20*h/(-6)?
71
Let z = 165 + -160. Suppose -z*g - 27 = -1012. List the prime factors of g.
197
Suppose -5*k + 4212 = b + 562, 5*k = -3*b + 10990. List the prime factors of (-2)/7 - b/(-7).
2, 131
Let p = 1497 - 1328. What are the prime factors of p?
13
Let g = -16 - -31. Let c(f) be the first derivative of 3*f**2/2 + 18*f - 443. List the prime factors of c(g).
3, 7
What are the prime factors of (204 + -201)/((-2)/(-19364))?
2, 3, 47, 103
Let h(r) = -401*r**3 - 7*r**2 - 2*r - 5. Let l(c) = -200*c**3 - 4*c**2 - c - 3. Let y(g) = 3*h(g) - 5*l(g). What are the prime factors of y(-1)?
7, 29
Let k = 28 + -24. Suppose 5*w = k*u - 6*u + 4717, w = 3*u + 940. List the prime factors of w.
23, 41
Let f(l) be the first derivative of 7*l**2 + 19*l - 1. Suppose 19 = x - 5*a, 5*a - 4 + 7 = -3*x. What are the prime factors of f(x)?
3, 5
Let x(n) = 4*n**2 - 176*n + 52. List the prime factors of x(57).
2, 13, 29
Let l = -36 + -42. Let o be 2/(-12) + (-3601)/l. Suppose -3*n - o = -p, 3*p = 2*p + 5*n + 42. What are the prime factors of p?
2, 13
Suppose -5*o + 3*y + 559 = 0, 321 = -o + 4*o + 3*y. Suppose -o = -2*v - 40. Let d = 147 - v. List the prime factors of d.
2, 7
Suppose 0 = -5*a + 80 - 45. Let y(s) = 112*s - 206. What are the prime factors of y(a)?
2, 17
Suppose d - 4*a = -4 - 6, -5*d - a - 92 = 0. Let m be 2/3 + (-1 - (-380)/(-12)). List the prime factors of ((-186)/d)/(-1 - m/30).
5, 31
Suppose -1588 = -3*g - v, 23*v + 540 = g + 26*v. Suppose -4*a = -4*o + g, -3*o - 4*a + 378 + 46 = 0. What are the prime factors of o?
2, 17
Suppose -47*b = -76*b + 145. Suppose w = b*a + 1998, 31*w + 4*a + 5972 = 34*w. What are the prime factors of w?
2, 7, 71
Let n be 1/((-11)/(-4) + -3). Let a = -382 + 381. List the prime factors of ((-92)/(-138))/(a/(1074/n)).
179
Let l(y) = -609*y + 3467. What are the prime factors of l(-55)?
2, 18481
Let w = 21331 + -7784. Suppose -17*g = 6*g - w. List the prime factors of g.
19, 31
Let l = 26225 - 18680. List the prime factors of l.
3, 5, 503
Let f be ((-6)/24*-12)/(6/28). Let d(v) = v**3 - 10*v**2 - 3*v + 35. List the prime factors of d(f).
3, 7, 37
Suppose -441*n - 18732 = -442*n. List the prime factors of n.
2, 3, 7, 223
Let s be (-1954)/(-22) - ((-65)/(-22) + -3)*4. Suppose 41 + 7 = 2*p. Let j = s - p. What are the prime factors of j?
5, 13
Suppose 140*w + 59*w - 844936 = 75*w. List the prime factors of w.
2, 3407
Suppose -10*n + 2*n = -32. Let f(j) = 19*j**2 + 3*j + 20. List the prime factors of f(n).
2, 3, 7
Let d(o) = 1493*o + 10. Let x be d(2). Suppose 4*r + v - 3988 = 0, 3*r = -0*v - 2*v + x. What are the prime factors of -7*(-6)/105 + r/10?
2, 5
Let m = 42434 - 13258. What